{"id":174,"date":"2012-07-14T12:51:09","date_gmt":"2012-07-14T12:51:09","guid":{"rendered":"http:\/\/kallenborn-stukkateur.de\/wp\/?page_id=174"},"modified":"2018-04-12T23:50:07","modified_gmt":"2018-04-12T23:50:07","slug":"trockenbau","status":"publish","type":"page","link":"https:\/\/kallenborn-stukkateur.de\/?page_id=174","title":{"rendered":"Trockenbau"},"content":{"rendered":"<p>In der modernen Ausbautechnik spielt der Trockenausbau eine wesentliche Rolle.\u00a0 Von konventionellen Trockenbaukonstruktionen f\u00fcr Wand und Decke, bis zu besonderen Gestaltungsl\u00f6sungen im Ausbau ist alles m\u00f6glich.\u00a0Ausbausysteme l\u00f6sen Probleme im Schall- und Brandschutz.<\/p>\n<p style=\"text-align: center;\"><strong>Metallst\u00e4nderw\u00e4nde<\/strong><\/p>\n<div style=\"width: 460px\" class=\"wp-caption aligncenter\"><img loading=\"lazy\" decoding=\"async\" class=\"ngg-singlepic ngg-none \" src=\"https:\/\/kallenborn-stukkateur.de\/wp\/wp-content\/gallery\/trockenausbau\/kade1.jpg\" alt=\"Montage von St\u00e4nderw\u00e4nden im Ladenbau. Ausf\u00fchrung konkav gew\u00f6lbt.\" width=\"450\" height=\"360\" \/><p class=\"wp-caption-text\">Montage von St\u00e4nderw\u00e4nden im Ladenbau. Ausf\u00fchrung konkav gew\u00f6lbt.<\/p><\/div>\n<div style=\"width: 460px\" class=\"wp-caption aligncenter\"><img loading=\"lazy\" decoding=\"async\" class=\"ngg-singlepic ngg-none \" src=\"https:\/\/kallenborn-stukkateur.de\/wp\/wp-content\/gallery\/trockenausbau\/kade2.jpg\" alt=\"Gipskartondecke mit Lichtleiste.\" width=\"450\" height=\"360\" \/><p class=\"wp-caption-text\">Gipskartondecke mit Lichtleiste.<\/p><\/div>\n<div style=\"width: 460px\" class=\"wp-caption aligncenter\"><img loading=\"lazy\" decoding=\"async\" class=\"ngg-singlepic ngg-none \" title=\"Detailansicht Lichtleiste.\" src=\"https:\/\/kallenborn-stukkateur.de\/wp\/wp-content\/gallery\/trockenausbau\/kade3.jpg\" alt=\"Detailansicht Lichtleiste.\" width=\"450\" height=\"360\" \/><p class=\"wp-caption-text\">Detailansicht Lichtleiste.<\/p><\/div>\n<div style=\"width: 460px\" class=\"wp-caption aligncenter\"><img loading=\"lazy\" decoding=\"async\" class=\"ngg-singlepic ngg-none \" title=\"Fertiggestellte Metallst\u00e4nderw\u00e4nde und abgeh\u00e4ngte Decke.\" src=\"https:\/\/kallenborn-stukkateur.de\/wp\/wp-content\/gallery\/trockenausbau\/kade.jpg\" alt=\"Fertiggestellte Metallst\u00e4nderw\u00e4nde und abgeh\u00e4ngte Decke.\" width=\"450\" height=\"360\" \/><p class=\"wp-caption-text\">Fertiggestellte Metallst\u00e4nderw\u00e4nde und abgeh\u00e4ngte Decke.<\/p><\/div>\n<p style=\"text-align: center;\"><strong>Akkustikdecken<\/strong><\/p>\n<div style=\"width: 460px\" class=\"wp-caption aligncenter\"><img loading=\"lazy\" decoding=\"async\" class=\"ngg-singlepic ngg-none \" title=\"Kasettendecke mit Rasterleuchte.\" src=\"https:\/\/kallenborn-stukkateur.de\/wp\/wp-content\/gallery\/trockenausbau\/akdecke.jpg\" alt=\"Kasettendecke mit Rasterleuchte.\" width=\"450\" height=\"360\" \/><p class=\"wp-caption-text\">Kasettendecke mit Rasterleuchte.<\/p><\/div>\n<div style=\"width: 460px\" class=\"wp-caption aligncenter\"><img loading=\"lazy\" decoding=\"async\" class=\"ngg-singlepic ngg-center \" title=\"Alu-Paneldecke im Winkel von 45 Grad verlegt.\" src=\"https:\/\/kallenborn-stukkateur.de\/wp\/wp-content\/gallery\/trockenausbau\/aludecke.jpg\" alt=\"Alu-Paneldecke im Winkel von 45 Grad verlegt.\" width=\"450\" height=\"360\" \/><p class=\"wp-caption-text\">Alu-Paneldecke im Winkel von 45 Grad verlegt.<\/p><\/div>\n","protected":false},"excerpt":{"rendered":"<p>In der modernen Ausbautechnik spielt der Trockenausbau eine wesentliche Rolle.\u00a0 Von konventionellen Trockenbaukonstruktionen f\u00fcr Wand und Decke, bis zu besonderen Gestaltungsl\u00f6sungen im Ausbau ist alles m\u00f6glich.\u00a0Ausbausysteme l\u00f6sen Probleme im Schall- und Brandschutz. Metallst\u00e4nderw\u00e4nde Akkustikdecken<\/p>\n","protected":false},"author":1,"featured_media":0,"parent":0,"menu_order":0,"comment_status":"closed","ping_status":"open","template":"","meta":{"ngg_post_thumbnail":0,"footnotes":""},"class_list":["post-174","page","type-page","status-publish","hentry"],"_links":{"self":[{"href":"https:\/\/kallenborn-stukkateur.de\/index.php?rest_route=\/wp\/v2\/pages\/174","targetHints":{"allow":["GET"]}}],"collection":[{"href":"https:\/\/kallenborn-stukkateur.de\/index.php?rest_route=\/wp\/v2\/pages"}],"about":[{"href":"https:\/\/kallenborn-stukkateur.de\/index.php?rest_route=\/wp\/v2\/types\/page"}],"author":[{"embeddable":true,"href":"https:\/\/kallenborn-stukkateur.de\/index.php?rest_route=\/wp\/v2\/users\/1"}],"replies":[{"embeddable":true,"href":"https:\/\/kallenborn-stukkateur.de\/index.php?rest_route=%2Fwp%2Fv2%2Fcomments&post=174"}],"version-history":[{"count":6,"href":"https:\/\/kallenborn-stukkateur.de\/index.php?rest_route=\/wp\/v2\/pages\/174\/revisions"}],"predecessor-version":[{"id":724,"href":"https:\/\/kallenborn-stukkateur.de\/index.php?rest_route=\/wp\/v2\/pages\/174\/revisions\/724"}],"wp:attachment":[{"href":"https:\/\/kallenborn-stukkateur.de\/index.php?rest_route=%2Fwp%2Fv2%2Fmedia&parent=174"}],"curies":[{"name":"wp","href":"https:\/\/api.w.org\/{rel}","templated":true}]}}