{"id":181,"date":"2012-07-14T13:07:14","date_gmt":"2012-07-14T13:07:14","guid":{"rendered":"http:\/\/kallenborn-stukkateur.de\/wp\/?page_id=181"},"modified":"2012-07-15T15:49:09","modified_gmt":"2012-07-15T15:49:09","slug":"aussenputz","status":"publish","type":"page","link":"https:\/\/kallenborn-stukkateur.de\/?page_id=181","title":{"rendered":"Aussenputz"},"content":{"rendered":"<p>Es geh\u00f6rt zu den Grundbed\u00fcrfnissen des Menschen sich vor Umwelt- und Witterungseinfl\u00fcssen zu sch\u00fctzen. Unsere Urahnen zogen sich in H\u00f6hlen zur\u00fcck. Naturv\u00f6lker errichteten mit einfachsten Baustoffen Behausungen, die Urform des Bauens. Bis in die Neuzeit haben sich die Menschen weiterentwickelt, die regional vorhandenen Rohstoffe und Baumaterialien genutzt, um ihre Bed\u00fcrfnisse in Bezug auf Schutz und Wohlbehagen zu befriedigen. Dies gilt bis zum heutigen Tag, auch in Bezug zum Au\u00dfenputz unserer H\u00e4user.<\/p>\n<p><strong>Kalkzementputz<\/strong><br \/>\nEin altbew\u00e4hrtes Produkt, das seine Schutzfunktion aus Mauerwerk vorbildlich erf\u00fcllt. Dieser mineralische Unterputz sch\u00fctzt vor Witterungseinfl\u00fcssen, kann Feuchtigkeit aufnehmen, speichern und wieder abgeben.<\/p>\n<p><strong>Edelputz<\/strong><br \/>\nbietet vielf\u00e4ltige M\u00f6glichkeiten, die Fassade in individuellen Farben und Strukturen zu gestalten und geben der Fassade ihr Gesicht.<\/p>\n<p style=\"text-align: center;\">\n<p><strong>W\u00e4rmed\u00e4mm-Verbundsysteme<\/strong><br \/>\nf\u00fcr eine verantwortungsvolle Zukunft.\u00a0W\u00e4rmed\u00e4mmung ist aktiver Umweltschutz und ein wichtiger Baustein zur Begrenzung des Energiebedarfs. Ein Beitrag zur langfristigen Nutzung unserer Energiereserven und nicht zuletzt sparen Sie Geld. Eine ged\u00e4mmte Fassade wirkt als W\u00e4rmespeicher und aufgenommene W\u00e4rme \u00fcber Stunden an das Hausinnere ab. Im Sommer sch\u00fctzt eine ged\u00e4mmte Fassade vor zu starker Aufheizung der Innenr\u00e4ume. Im Neubaubereich hilft das W\u00e4rmed\u00e4mm-Verbundsystem Kosten einzusparen. Wandst\u00e4rken k\u00f6nnen sich verringern, Investitionskosten f\u00fcr Heizungsanlagen sind geringer, da diese wesentlich kleiner dimensioniert sind. Im Altbaubereich k\u00f6nnen W\u00e4rmed\u00e4mm-Verbundsysteme auf vorhandene Fassaden aufgebracht werden, aufwendige Sanierungsma\u00dfnahmen k\u00f6nnen kosteng\u00fcnstig gel\u00f6st werden.<\/p>\n","protected":false},"excerpt":{"rendered":"<p>Es geh\u00f6rt zu den Grundbed\u00fcrfnissen des Menschen sich vor Umwelt- und Witterungseinfl\u00fcssen zu sch\u00fctzen. Unsere Urahnen zogen sich in H\u00f6hlen zur\u00fcck. Naturv\u00f6lker errichteten mit einfachsten Baustoffen Behausungen, die Urform des Bauens. Bis in die Neuzeit haben sich die Menschen weiterentwickelt, &hellip; <a class=\"more-link\" href=\"https:\/\/kallenborn-stukkateur.de\/?page_id=181\">Weiterlesen <span class=\"meta-nav\">&rarr;<\/span><\/a><\/p>\n","protected":false},"author":1,"featured_media":0,"parent":0,"menu_order":0,"comment_status":"closed","ping_status":"open","template":"","meta":{"ngg_post_thumbnail":0,"footnotes":""},"class_list":["post-181","page","type-page","status-publish","hentry"],"_links":{"self":[{"href":"https:\/\/kallenborn-stukkateur.de\/index.php?rest_route=\/wp\/v2\/pages\/181","targetHints":{"allow":["GET"]}}],"collection":[{"href":"https:\/\/kallenborn-stukkateur.de\/index.php?rest_route=\/wp\/v2\/pages"}],"about":[{"href":"https:\/\/kallenborn-stukkateur.de\/index.php?rest_route=\/wp\/v2\/types\/page"}],"author":[{"embeddable":true,"href":"https:\/\/kallenborn-stukkateur.de\/index.php?rest_route=\/wp\/v2\/users\/1"}],"replies":[{"embeddable":true,"href":"https:\/\/kallenborn-stukkateur.de\/index.php?rest_route=%2Fwp%2Fv2%2Fcomments&post=181"}],"version-history":[{"count":7,"href":"https:\/\/kallenborn-stukkateur.de\/index.php?rest_route=\/wp\/v2\/pages\/181\/revisions"}],"predecessor-version":[{"id":239,"href":"https:\/\/kallenborn-stukkateur.de\/index.php?rest_route=\/wp\/v2\/pages\/181\/revisions\/239"}],"wp:attachment":[{"href":"https:\/\/kallenborn-stukkateur.de\/index.php?rest_route=%2Fwp%2Fv2%2Fmedia&parent=181"}],"curies":[{"name":"wp","href":"https:\/\/api.w.org\/{rel}","templated":true}]}}